*c - 271*c = -966541. Is c composite?
False
Let n(u) be the third derivative of 4*u**5/5 + 29*u**4/24 + 7*u**3/6 - 28*u**2. Let d(m) be the first derivative of n(m). Is d(10) a composite number?
True
Suppose -2*s = -9*n + 11*n - 36, -5*n + 4*s = -90. Is (n/(-12)*-11502 - 0) + -6 prime?
False
Let b(o) = -3*o**3 - 2*o**2 + o - 1. Let d be b(-2). Let n be -1 + -1 - (d - 5). Is ((-2)/2*1)/(n/3290) a prime number?
False
Suppose -2 - 7 = k. Let a(j) = -j**2 - 8*j + 20. Let c be a(k). Let m(v) = 217*v - 28. Is m(c) a prime number?
False
Suppose -4*f + 5*d = -19354, 5*f + 57*d - 48*d - 24101 = 0. Is f composite?
False
Let u(o) = 2*o**2 + 5*o + 2. Let c be u(-3). Suppose 0 = n + c*n + 84. Is (18/n + (-4)/(-14))*-127 composite?
False
Suppose 14 + 66 = 8*t. Let z be (132879/5)/3 + 4/t. Suppose -2*a = -5*a + z. Is a a prime number?
True
Let j(n) = 1717*n + 15. Let p(h) = -h**3 - 24*h**2 - 22*h + 25. Let k be p(-23). Is j(k) prime?
True
Let a = 326 + -322. Is 6588 - 21/12*a a composite number?
False
Suppose -5*s + 725 = c + c, 0 = 3*c - 2*s - 1116. Let a be ((-579)/(-15))/((8/5)/8). Let x = a + c. Is x composite?
False
Let f = 368 - 312. Is 5 - 7/(f/(-55632)) a composite number?
False
Suppose -12 = -9*u + 24. Suppose 2*b = 2, 2*v + 2*b = -b + 2133. Suppose -u*k = -k - v. Is k prime?
False
Suppose 0 = 150*d - 189557592 - 4857558. Is d a composite number?
False
Let m be (2/4)/(312/(-64) - -5). Suppose m*r - 898 = -254. Is r a composite number?
True
Let k = 1571234 + -624573. Is k prime?
True
Let s be 2/4 - (-604)/8. Let n be (230/4)/(2/s). Suppose 0 = -57*p + 52*p + n. Is p composite?
True
Let o(j) = -3334*j + 1523. Is o(-21) a composite number?
False
Let h = 556131 + -182968. Is h a composite number?
True
Suppose 29*p - 16009546 - 1318974 = -11*p. Is p prime?
False
Let w be (0/1)/((-6)/3). Let g = -7 + 12. Suppose w = -g*f + 5*s - 10*s + 7200, 5*f - s - 7194 = 0. Is f prime?
True
Let p(l) = -579*l**3 - 6*l**2 - 6*l. Let z be p(-4). Is 5*1/(-3) + z/18 a composite number?
False
Let c = 1369 + -596. Suppose 8*t - c = 387. Is t prime?
False
Suppose -618*g + 586*g = -8772448. Is g a composite number?
False
Let a(y) = 2*y**2 + 2*y - 5. Let w be a(-10). Let g = w + 55. Let s = g + -31. Is s prime?
True
Let r be 7362 + (-7)/(-3)*-3. Is r - -6*(-4)/(-4) prime?
False
Let o = -112366 + 164021. Is o a composite number?
True
Let c = 316 + -345. Is 16324 + -1 - (c - -33) a composite number?
False
Suppose -7812943 = -138*t + 5277875. Is t prime?
False
Suppose -3*a = -9*a + 66. Let d(m) = -m**3 + 12*m**2 - m + 16. Let y be d(a). Suppose 0 = 2*r - 2080 + y. Is r prime?
True
Let o(n) = -2*n**3 + 18*n**2 - n + 12. Let s be o(9). Suppose s*r + 20316 = 15*r. Is r composite?
False
Let x be 6/(-4) + 188523/18. Suppose 7*i = 20426 + x. Is i a prime number?
False
Let s(a) = a**2 - 42*a + 424. Let z be s(21). Let c(w) be the first derivative of -16*w**2 - 11*w + 1. Is c(z) composite?
True
Suppose 3*l + 18 = 5*o, -3*o + 2*l + 11 = -0*l. Suppose 4*h = o*a - 826, -a + 0*h + 267 = -3*h. Suppose -a = -3*q + 135. Is q a composite number?
False
Let j(l) = 2*l**2 + 12*l - 26. Suppose -34 = -0*m - m - 4*q, -16 = -4*q. Is j(m) a prime number?
False
Suppose -18 = 16*r - 20*r + 3*b, -3*r + 13 = -2*b. Suppose 0 = -r*g + 10*v - 6*v + 17695, 4*g = 3*v + 23591. Is g a prime number?
True
Suppose 45*b + 206314 = 2*v + 49*b, 4*v = 3*b + 412705. Is v a prime number?
True
Let l(w) = w**3 + 45*w**2 + 4*w + 211. Let f be l(-45). Suppose -f*z + 2683 = -30*z. Is z a prime number?
True
Let r(w) = -46*w + 5169. Is r(25) a prime number?
True
Suppose -3*k = y - 17624, -k - 2*y - 11736 = -3*k. Suppose 114*x - 107*x = k. Is x a composite number?
False
Let u = -365 + 372. Let w(k) = 2053*k + 252. Is w(u) a prime number?
False
Let w(b) = -762680*b + 80. Let z be w(2). Is z/(-48)*(-6)/(-4) a composite number?
True
Let s(d) = -d**3 - 4 - 2*d**2 + 4*d**2 + 14*d + 2 - 9*d. Let t be s(3). Suppose -b + 1396 = 3*k, -3*b = b + t*k - 5544. Is b composite?
False
Let w(n) = 34161*n**2 - 273*n + 15. Is w(-4) a composite number?
True
Suppose 414884 - 253965 = 6*j - 406051. Is j a composite number?
True
Let v be (1*-1)/((-60)/(-540)) + 5. Suppose -2*c = -4*u + 16, 3*u - 3 = c + 10. Is 1 - (c - (v - -876)) composite?
True
Let s(a) = a**2 - 7*a + 8. Let z be s(8). Suppose 3240 + 35944 = z*c. Is c a prime number?
False
Suppose -5*a + 15*i + 133357 = 13*i, 3*a + 4*i = 79983. Is a prime?
True
Suppose 98576 = 3*v + g, -5*g = 4*v - 7673 - 123747. Suppose -5*p = 4*q - q - v, 0 = -5*q. Suppose p = 7*s - 3*s. Is s a composite number?
True
Let h(t) = -2*t - 25. Let f be h(-13). Let r be 7/(-7)*(f + -5). Suppose -5*v = -3*g - 2599, -4*g = r*v - 0*v - 2092. Is v a prime number?
True
Is (-2746725)/(-75) - (-1 - -1) composite?
True
Let b(l) be the third derivative of -1351*l**4/24 - 34*l**3/3 + 20*l**2 - 2*l. Is b(-19) prime?
True
Let j(i) be the third derivative of 7*i**2 - 19/6*i**3 + 0 + 0*i + 137/24*i**4. Is j(6) prime?
False
Let g = 95 + -63. Let x(w) = g*w - 9 - 46*w - 15. Is x(-17) prime?
False
Let n(u) = u**2 + 6*u - 13. Let z be n(-8). Let a be z*-1 + 2198/(-14). Let s = a + 491. Is s a composite number?
False
Let r = -273 + 135. Is (-14013)/(-69) - (-12)/r composite?
True
Let y(x) be the first derivative of x**4/4 - 14*x**3/3 - 11*x**2/2 - 25*x - 179. Is y(20) a composite number?
True
Let x(p) = -16766*p - 1543. Is x(-6) a composite number?
False
Is (274347 - ((-156)/(-26) - (2 - -3)))/2 a composite number?
True
Is (5 - (-1 - -14)) + 49867 + -2 a composite number?
True
Let m = 311 - 311. Suppose 4*g - 6189 = -k + 3079, m = -5*g - k + 11585. Is g composite?
True
Let s = 379596 - 250673. Is s a composite number?
False
Suppose -367*p + 44866 = -366*p. Is p a composite number?
True
Let l = 175 + -170. Suppose -4*a - a + 15065 = -l*c, 4*a - 12054 = 5*c. Is a prime?
True
Suppose 0 = -5*y - 75*z + 80*z + 4098575, -3*z = 2*y - 1639390. Is y a composite number?
True
Let x(a) = 5*a + 8. Let g(y) = 14*y + 24. Let h(t) = 4*g(t) - 11*x(t). Let z be h(-5). Is (-1174)/(-6)*18/z a composite number?
True
Is 23 + -19 + 3 + 124686 composite?
False
Suppose 5*d = 652 + 1393. Let b = 36 + d. Is b prime?
False
Let t = 594 + -212. Suppose -5*q = -4*s - 4451, q - s - t = 509. Is q prime?
True
Let h(a) be the second derivative of a**4/12 + a**3/2 + 5*a**2/2 + 24*a. Let n be h(-6). Is 954/2 - (n + -24) composite?
True
Let x(z) = 3*z**2 - 23*z - 46. Let s be x(-13). Let d = 3062 - s. Is d a prime number?
False
Let y = -301 + -5924. Let c = -3206 - y. Is c composite?
False
Let q = 21177 + 12110. Is q a composite number?
False
Let b = 88 + -167. Let m = 282 + b. Let l = 380 - m. Is l a prime number?
False
Let q(h) = 57*h - 55. Let l be q(1). Is l*((-217089)/(-14) + 6/42) prime?
True
Suppose 4*b - 11*d = -8*d + 85799, -85790 = -4*b - 6*d. Is b a prime number?
False
Is (216/48)/(18/3163828) a composite number?
False
Suppose 5*f = -23*f + 56. Suppose -50607 = f*l - 11*l. Is l a prime number?
True
Let m(x) = x - 16. Let y be m(8). Let b be -78*2*6/y. Let i = b + 410. Is i a composite number?
True
Let f = 74950 + 32263. Is f prime?
False
Let l(n) = 4676*n**2 - 114*n + 231. Is l(13) composite?
False
Let x = 101 - 156. Let k be (x + 1)/(11/(429/(-6))). Suppose -5*n = 2*p - 682, p - 2*p - 5*n + k = 0. Is p prime?
True
Let b(d) = -440*d + 9. Let t be b(-9). Suppose -27*x - 2202 - 56982 = 0. Let p = x + t. Is p prime?
True
Suppose 0 = 5*j - 4*q - 65, -46 = -4*j - q + 3*q. Let i = j + -7. Suppose i*a + 3327 = 5*t, t - 4*t = -a - 1997. Is t a prime number?
False
Suppose 3*s - 2*p - 61 = 0, 0 = 7*p - 3*p - 4. Let f(x) = -x**2 - 29*x - 54. Let r be f(-27). Is (r + -101)/(3 - 66/s) a composite number?
True
Suppose 2*b - 5*p = -83, 5*p + 13 = -b - 36. Let f = b + 48. Suppose f*m - 5037 = -l, -5*m + 3581 = l - 2715. Is m a composite number?
False
Let k(s) = 1975*s**2 - 250*s - 2003. Is k(-8) a composite number?
False
Let r = 58 - 34. Suppose 14*h - r*h + 6110 = 0. Is h prime?
False
Let h(r) = 1959*r**3 - 8*r**2 - 270*r + 1119. Is h(4) composite?
False
Let s(v) be the third derivative of -v**4/24 - 5*v**3/6 + 6*v**2. Let c be s(-9). Is 0 + 1443/c - (-13)/52 composite?
True
Suppose -475*t = -472*t - 114. Suppose t*i = -6*i + 432916. Is i a prime number?
True
Let l be (-276516)